ppose 0 = 3*k + k + 8. Let x(p) be the third derivative of 0*p + 0 + 0*p**3 + 7*p**2 - 1/24*p**4. What is x(k)?
2
Suppose 4*w + 5*m = -133, -4*w = -w + 3*m + 99. Let u be w/(-2) + 2/1. Let p be (-32)/u + 2/(-9). Let z(s) = s**3 - s + 2. Calculate z(p).
-4
Suppose 2*c = 4*d - 2*c - 16, -5*d + 2*c = -11. Let a(i) be the second derivative of 3*i**3/2 - i**2/2 + 11*i. Calculate a(d).
8
Let q(j) = 2*j + 2*j**2 - j + j**3 + j. Suppose -2*c + 6 = 0, 4*r + 4*c + 5 = 3*c. Give q(r).
-4
Let j(d) = 2*d - 3*d + 6 + 3*d**3 - 2*d**3. Let n be (20 + -20)*2/(-6). Determine j(n).
6
Let a(q) = q**2 - 2 + 7*q + 3 + 6. Determine a(-5).
-3
Let u(z) be the first derivative of -z**6/360 - z**5/24 + z**4/12 + 7*z**3/3 + 6. Let y(i) be the third derivative of u(i). Give y(-4).
6
Let s(z) = -3*z + 3. Let d(o) = 16*o - 15. Let m(l) = -2*d(l) - 11*s(l). Let b(v) = v - 3. Let y(k) = 3*b(k) - 4*m(k). What is y(3)?
0
Let z(m) = -13*m**2 + m + 1. Let l(n) = n**2 + 9*n - 11. Let r be l(-10). Calculate z(r).
-13
Let s(y) = 0 - 2*y**2 - 51*y**3 + 2*y + 49*y**3 + 2. Give s(-2).
6
Let v(d) be the second derivative of -d**4/12 + d**3 + 4*d**2 - 14*d. What is v(7)?
1
Let o(r) = -7*r**2 + r. Let t be o(1). Let i(j) be the second derivative of j**4/12 + j**3 - 4*j**2 + 11*j. What is i(t)?
-8
Suppose -2*f - 2*k = -k, -f = -3*k - 14. Let t(q) be the third derivative of 1/20*q**5 + 1/12*q**4 + 1/60*q**6 + 0*q + 0 - q**f + 0*q**3. Determine t(-2).
-8
Suppose -5*j - 4*v = 3, -2*j - 5*v + 3 = 2*j. Suppose -5*d + 7 + 3 = 0. Let y(x) = x + 3 - x**2 + d*x - x**3 - x**2. Give y(j).
3
Let m(r) = -2*r - 6*r**3 + r + 1 + r. Let n be (4/(-6))/((-8)/12). What is m(n)?
-5
Let l(r) be the second derivative of -r**3 + 5*r. Determine l(-2).
12
Let d(w) be the second derivative of 0*w**2 + 1/6*w**3 - 1/12*w**4 - w + 0. Give d(-2).
-6
Let x(y) = -y**2 + 5*y + 5. Let v = -54 - -59. Calculate x(v).
5
Let c(l) = -5*l**3 - 6*l**2 + l - 3. Let f(d) = -14*d**3 - 18*d**2 + 3*d - 9. Let g(t) = -17*c(t) + 6*f(t). Determine g(6).
3
Let u be (1 - 0)*(2 - 6). Let r(a) be the third derivative of -a**5/60 - a**4/6 - a**3/3 - 2*a**2. Determine r(u).
-2
Suppose 4*v + 2 = -3*w, 5*v + 13 - 1 = w. Let g(b) = -2*b**2 - b - 1. Calculate g(v).
-7
Let a(x) = -x**2 - 6*x - 4. Let z be a(-4). Let c(u) = 3*u - 2 - z*u - 2 + 5. Give c(0).
1
Let a(u) = -u**2 + 7*u + 2. Let b be a(7). Let w be (3 + 0 + -3)/b. Let j(f) = -f**2 - f - 7. Determine j(w).
-7
Let r(u) = -u**2 - 5*u + 3. Suppose 8*c + 37 + 3 = 0. Give r(c).
3
Let q(a) = 8*a**2 - 4*a + 3. Let n(i) = -5*i**2 + 3*i - 2. Let o(k) = 7*n(k) + 5*q(k). Suppose r = -2*r - 3. Determine o(r).
5
Let q(f) = -3*f**3 - 5*f**2 - 5*f - 12. Let j(k) = k**3 + 2*k**2 + 2*k + 6. Let m(i) = -5*j(i) - 2*q(i). Determine m(0).
-6
Let p = 6 + -11. Let o = 1 + 2. Let v(r) = -6*r**2 - 3*r**o + 0*r**2 - 5*r + 2*r**3 - r - 2. Give v(p).
3
Let u(l) = l**3 - 5*l**2 + l - 2. Suppose 3*k = -k - 4. Let h be (-1)/1*-6 + k. Calculate u(h).
3
Let d = -1 - -1. Let y(l) be the second derivative of l**5/20 + l**4/12 + 3*l**2 - 2*l. What is y(d)?
6
Let j(f) = -4*f**3 - 1. Let d be (-76)/(-6) + (-2)/(-6). Suppose 5*v + 2*h + d = 0, 0*v + h = 5*v + 1. Let p = 0 - v. Give j(p).
-5
Let t(h) = h**2 - 12*h + 3. Let p(w) = -w**2 + 11*w - 4. Let x(m) = 4*p(m) + 3*t(m). Let b(o) = o. Let k be b(6). Determine x(k).
5
Let x(b) = 10*b - 4. Let z(v) = 3*v - 1. Let a(g) = 2*x(g) - 7*z(g). Suppose -10 = 4*s + 10. Calculate a(s).
4
Let u(r) = -3*r - 24. Let l be u(-6). Let k(q) = -q**3 - 5*q**2 + 7*q - 2. What is k(l)?
-8
Suppose 4*y + 4 - 30 = -2*u, -5*u + 5*y = 10. Let j(a) = 3*a - 3. Determine j(u).
6
Let l(d) = 17*d**2 + 7*d - 3. Let g(y) = -6*y**2 - 2*y + 1. Let p(s) = 7*g(s) + 2*l(s). Determine p(-1).
-7
Suppose u = -3*u - 5*v + 34, 4*u - v - 46 = 0. Let q = u + -9. Let m(a) = -4*a + 2. Determine m(q).
-6
Let t(f) = -7*f**2 - 5 + 2*f**2 + 0*f**3 + f**3. Suppose 2*j - 26 = 34. Let u be ((-3)/(-9))/(2/j). What is t(u)?
-5
Let m(v) be the first derivative of v**3/3 - 3*v - 16. What is m(3)?
6
Let n(i) = i + 7. Suppose -10 = 3*h - h. What is n(h)?
2
Let p(k) be the second derivative of k**5/20 - 3*k**4/4 + k**3 + 5*k**2/2 + 27*k. Determine p(8).
-11
Suppose 0 = 3*r + 4 - 1. Let t(h) = -1 - 5*h**3 - 4*h**3 + h**3 + 0*h**3. Determine t(r).
7
Let i(k) be the third derivative of 1/12*k**4 - 1/2*k**3 + 0 + 5*k**2 + 0*k. What is i(5)?
7
Let x(t) be the first derivative of -3 - 1/2*t**2 - t. Let w = -1 + 6. Determine x(w).
-6
Let l(x) = x - 2. Let g(n) = 2*n + 9. Let v = -17 - -2. Let b = 8 + v. Let a be g(b). What is l(a)?
-7
Let a be (72/32)/((-3)/8). Let y(v) = -v - 12. Give y(a).
-6
Suppose -4*q + 6*q = 6. Let n(a) = -3*a - 2. Determine n(q).
-11
Let s(n) = -3*n**3 + 9*n**2 - 6*n. Let l(i) = -4*i**3 + 10*i**2 - 6*i + 1. Let o(p) = -2*l(p) + 3*s(p). What is o(6)?
-2
Let t(u) = -u + 11. Suppose -50 = -5*d + 5*i, -i + 0 - 4 = 0. What is t(d)?
5
Suppose 2*o + 45 = 5*k, -4*o + 2*k = -2*k + 72. Let y = -11 - o. Let i(g) = -5 + 2*g - g**2 + 0 + y. What is i(1)?
0
Let a(s) = s**3 + 3*s**2 + s. Let d be (-1 - 2) + (0 - -1). Let w be a(d). Let u(r) = -2 + r**2 + 27*r - 27*r. What is u(w)?
2
Let d(p) = -p**2 + 8*p - 1. Let a(z) = 4*z**2 + 4*z. Let j = -18 - -16. Let x be a(j). Determine d(x).
-1
Let v(y) be the first derivative of -y**4/4 + 2*y**3 - 2*y**2 + 7*y - 2. Give v(5).
12
Suppose -r + 5*h - 49 = -5*r, 4*r - 19 = h. Let j(q) = -q**2 + 4*q + 4. Give j(r).
-8
Let m(o) = 1 - 3 - o**2 - 3*o + 0*o. Let p = -4 + 6. Let c = p + -6. Give m(c).
-6
Let v(b) = -12*b**2 + 2*b + 1. Let a be 21/(-14)*(-2)/(-3). Calculate v(a).
-13
Let f(l) = l**2 - 2*l - 4. Suppose 0*s - 4*a - 50 = -5*s, -5 = -5*s - 5*a. Let y be 1*s - 9/3. Give f(y).
-1
Let y(p) = p**3 - 4*p**2 + p - 2. Let b = -78 + 110. Suppose 3*z - b = -8. Let w = 12 - z. Calculate y(w).
2
Suppose 0 = -2*r + 2. Let a(j) = r + 1 + j - 3 + j. What is a(-2)?
-5
Let u(t) = 2*t - 1. Let a(r) = r - 1. Let v(l) = -a(l) - u(l). Calculate v(2).
-4
Suppose 0 = 3*o - 3*i + 6, -3*o + 0*i = 3*i. Let j(n) = 3*n**2 + n. Determine j(o).
2
Let n be (-4)/(-6) + (-26)/(-6). Let c = 7 - 1. Let l(j) = -2*j**3 - 4*j + c*j**2 + j**3 - j. Give l(n).
0
Let k = -3 + 5. Suppose -g - k = -1. Let i(d) = 7*d + 5. Let h(s) = -s. Let v(n) = g*i(n) - 6*h(n). Determine v(-3).
-2
Let t(f) be the third derivative of 0*f + 0*f**3 + 0 + f**2 + 1/12*f**4. What is t(-5)?
-10
Suppose 4*g = 6*g. Let j(a) = -a + a + a + g. What is j(-5)?
-5
Suppose 0 = -o + 4*o. Suppose -2*s = -9 + 3. Let n(h) = 4*h**3 + 0*h**2 + 5 + s*h**2 - 2*h**2 - 3*h**3. Calculate n(o).
5
Let o(c) = -c**2 + 6*c + 9. Let k(b) = b**3 - 3*b**2 + 3*b - 2. Let f be k(3). What is o(f)?
2
Let q(j) = -3*j**3 - 5*j**2 + 3*j**3 - 10*j + 9*j - j**3. Give q(-5).
5
Let o(s) = -12*s**2 - 13*s + 4. Let q(g) = 3*g**2 + 3*g - 1. Let z = -9 - -11. Let r(c) = z*o(c) + 9*q(c). Calculate r(1).
3
Let a(h) = -h**2 + 6. Suppose -2*k = 3 - 3. Calculate a(k).
6
Let v(c) = c + 8. Let m be v(-6). Let b(y) = 0*y**2 - 4*y - 6 - y**m - 2*y. Let k = -6 + 2. Give b(k).
2
Let g(y) = y**2 + 2*y**3 + 4*y**2 - 2*y - 1 - 4*y**2. Suppose -3*t = 4*f + 22, 3*t + 10 = -4*f + 3*f. Calculate g(t).
-9
Let t(a) be the first derivative of -a**3/3 - 9*a**2/2 - 3*a + 1. Calculate t(-4).
17
Let z = -7 - -13. Let r(p) be the second derivative of -p**4/12 + 7*p**3/6 - p**2 - 54*p. Give r(z).
4
Let p(v) = -v**3 + 3*v**2 - 4*v + 4. Let w be -2 + 1 - (9 - 13). Determine p(w).
-8
Let n(o) = o + 2. Let t be (1 - 0) + 2/(-2). Give n(t).
2
Suppose -5*k - 15 - 35 = 0. Let t = -15 - k. Let o(v) = -v**2 - 3*v - 1. Determine o(t).
-11
Let q be 44/10 - 1*(-3)/5. Suppose -t + 110 = 4*t. Suppose q*s = -t - 8. Let h(z) = z**2 + 6*z - 3. Calculate h(s).
-3
Let s(c) = 11*c - 1. Suppose 0*i - 11 = g - 5*i, -i = -2*g - 4. What is s(g)?
-12
Suppose -1 = v - 5. Let h(o) = 2*o + 2. Let i(u) = 3*u + 2. Let b(n) = v*h(n) - 3*i(n). Suppose 0 = -4*p - 3*s - 15, 5 = 3*p + 2*p - s. Determine b(p).
2
Suppose 20 = -0*n - 4*n. Let f(l) be the third derivative of l**5/60 + l**4/6 + l**3/2 + 2*l**2. Give f(n).
8
Let h(s) = -4*s**2 - 2*s + 1. Let j be h(1). Let k = -102 - -110. Let f = j + k. Let m(w) = 3*w**2 - 4*w - 1. What is m(f)?
14
Suppose j = -0*j + 8. Suppose x - 3*x - j = 0. Let i = x - -6. Let g(q) = q + 2. Give g(i).
4
Let d(m) be 